vided by 185903?
674
What is the remainder when 31458915 is divided by 127?
126
What is the remainder when 388854 is divided by 97206?
30
What is the remainder when 437781 is divided by 1709?
277
Calculate the remainder when 4971505 is divided by 828575.
55
Calculate the remainder when 153839 is divided by 1065.
479
Calculate the remainder when 1020459 is divided by 1020455.
4
What is the remainder when 768294 is divided by 171?
162
Calculate the remainder when 28350 is divided by 13867.
616
Calculate the remainder when 113892 is divided by 256.
228
Calculate the remainder when 53562916 is divided by 215.
181
What is the remainder when 117548873 is divided by 1839?
1832
What is the remainder when 150531 is divided by 175?
31
Calculate the remainder when 180238 is divided by 29197.
5056
What is the remainder when 171981819 is divided by 18018?
9
What is the remainder when 34351211 is divided by 34351197?
14
What is the remainder when 179055 is divided by 178947?
108
Calculate the remainder when 1798051 is divided by 56.
3
Calculate the remainder when 20739541 is divided by 2674.
2671
What is the remainder when 976583 is divided by 6286?
2253
What is the remainder when 764490 is divided by 19602?
12
What is the remainder when 352304981 is divided by 12661?
12656
Calculate the remainder when 994392 is divided by 248593.
20
Calculate the remainder when 7861487 is divided by 8592.
8399
What is the remainder when 310007 is divided by 77497?
19
Calculate the remainder when 66676 is divided by 10435.
4066
What is the remainder when 179355 is divided by 4372?
103
Calculate the remainder when 65952478 is divided by 13190494.
8
Calculate the remainder when 6506912 is divided by 1626697.
124
Calculate the remainder when 82849 is divided by 1135.
1129
What is the remainder when 910856 is divided by 17?
13
Calculate the remainder when 29473636 is divided by 18.
4
What is the remainder when 31845 is divided by 3388?
1353
What is the remainder when 784888 is divided by 778?
664
Calculate the remainder when 55175 is divided by 1730.
1545
Calculate the remainder when 124529 is divided by 124397.
132
Calculate the remainder when 419182 is divided by 172.
18
Calculate the remainder when 10575074 is divided by 62.
44
Calculate the remainder when 2393945 is divided by 594.
125
What is the remainder when 56567 is divided by 136?
127
Calculate the remainder when 569713 is divided by 11651.
10465
What is the remainder when 69195 is divided by 753?
672
Calculate the remainder when 508407 is divided by 718.
63
Calculate the remainder when 1411752 is divided by 32830.
62
What is the remainder when 100995 is divided by 50484?
27
Calculate the remainder when 1904429 is divided by 1025.
1004
Calculate the remainder when 10861 is divided by 995.
911
Calculate the remainder when 4084418 is divided by 556.
42
What is the remainder when 1287186 is divided by 1239?
1104
Calculate the remainder when 94948 is divided by 30999.
1951
Calculate the remainder when 21308553 is divided by 3055.
2983
Calculate the remainder when 817487 is divided by 2587.
2582
Calculate the remainder when 150919279 is divided by 933.
931
What is the remainder when 2396552 is divided by 9548?
4
What is the remainder when 1415365 is divided by 279?
277
What is the remainder when 417042 is divided by 3200?
1042
Calculate the remainder when 21272816 is divided by 208557.
2
Calculate the remainder when 219932 is divided by 13741.
76
What is the remainder when 2635714 is divided by 2635082?
632
Calculate the remainder when 4357461 is divided by 54.
39
Calculate the remainder when 1612950 is divided by 8191.
7514
Calculate the remainder when 53072 is divided by 4066.
214
What is the remainder when 170543 is divided by 6525?
893
What is the remainder when 131693 is divided by 65662?
369
Calculate the remainder when 15867388 is divided by 3966847.
0
What is the remainder when 21066262 is divided by 7022086?
4
Calculate the remainder when 2269675 is divided by 4459.
44
What is the remainder when 10977581 is divided by 3617?
3603
What is the remainder when 744282 is divided by 2370?
102
What is the remainder when 923441 is divided by 1059?
1052
Calculate the remainder when 1493712 is divided by 746855.
2
Calculate the remainder when 1443151 is divided by 360785.
11
What is the remainder when 6731594 is divided by 53?
11
What is the remainder when 357323 is divided by 32481?
32
Calculate the remainder when 842910 is divided by 421453.
4
Calculate the remainder when 5771544 is divided by 1923784.
192
Calculate the remainder when 32600240 is divided by 100618.
8
What is the remainder when 51805767 is divided by 26773?
12
What is the remainder when 907770 is divided by 780?
630
Calculate the remainder when 441837 is divided by 7236.
441
What is the remainder when 750076 is divided by 5246?
5144
Calculate the remainder when 23693626 is divided by 1524.
1522
Calculate the remainder when 35748 is divided by 35499.
249
Calculate the remainder when 46634 is divided by 7754.
110
What is the remainder when 1292848 is divided by 112?
32
Calculate the remainder when 7890255 is divided by 291.
81
What is the remainder when 3292517 is divided by 470351?
60
What is the remainder when 480644 is divided by 2833?
1867
What is the remainder when 1985550 is divided by 47275?
0
Calculate the remainder when 87280164 is divided by 13.
10
Calculate the remainder when 906383 is divided by 844.
771
What is the remainder when 3818106 is divided by 424217?
153
Calculate the remainder when 155603 is divided by 173.
76
What is the remainder when 10441815 is divided by 5220886?
43
What is the remainder when 1543522 is divided by 1543502?
20
What is the remainder when 804584 is divided by 115?
44
What is the remainder when 7804151 is divided by 3752?
3743
What is the remainder when 202170 is divided by 1444?
10
Calculate the remainder when 2160094 is divided by 2160084.
10
What is the remainder when 3864109 is divided by 9883?
9739
Calculate the remainder when 43896 is divided by 187.
138
What is the remainder when 454879 is divided by 1146?
1063
What is the remainder when 17084384 is divided by 965?
24
What is the remainder when 146343652 is divided by 2986605?
7
Calculate the remainder when 259410 is divided by 254661.
4749
Calculate the remainder when 11533275 is divided by 11533160.
115
Calculate the remainder when 350859476 is divided by 2309.
2308
What is the remainder when 19936485 is divided by 264?
261
What is the remainder when 91998606 is divided by 1931?
1904
What is the remainder when 70329987 is divided by 5236?
35
What is the remainder when 361275 is divided by 644?
635
Calculate the remainder when 11554416 is divided by 825315.
6
Calculate the remainder when 98114696 is divided by 26539.
13
What is the remainder when 709264 is divided by 7021?
143
What is the remainder when 219615 is divided by 46?
11
Calculate the remainder when 288518 is divided by 1560.
1478
Calculate the remainder when 504519 is divided by 1841.
85
What is the remainder when 18023880 is divided by 1447?
48
What is the remainder when 1727622 is divided by 1738?
50
Calculate the remainder when 1285874 is divided by 574.
114
What is the remainder when 120309914 is divided by 46?
42
Calculate the remainder when 634794 is divided by 363.
270
What is the remainder when 287055589 is divided by 3009?
3007
What is the remainder when 143761 is divided by 71879?
3
Calculate the remainder when 183481 is divided by 12019.
3196
Calculate the remainder when 1046679 is divided by 209332.
19
Calculate the remainder when 108217 is divided by 391.
301
Calculate the remainder when 20005997 is divided by 6.
5
Calculate the remainder when 98489 is divided by 25.
14
Calculate the remainder when 7825628 is divided by 5942.
14
What is the remainder when 7746380 is divided by 2271?
2270
Calculate the remainder when 6039898 is divided by 82.
24
Calculate the remainder when 3472874 is divided by 405.
404
What is the remainder when 44825580 is divided by 68?
48
What is the remainder when 19935 is divided by 616?
223
Calculate the remainder when 84698336 is divided by 16.
0
What is the remainder when 5292955 is divided by 30?
25
What is the remainder when 238507 is divided by 2385?
7
C